g - 5*o = 41. List the prime factors of u(g).
3, 31
Suppose -418*j + 421*j = -s + 175670, 0 = -3*s + 6. List the prime factors of j.
2, 14639
Suppose 151*n - 164*n = -44551. List the prime factors of n.
23, 149
Let o(s) = -474*s - 378. List the prime factors of o(-10).
2, 3, 727
Suppose -30*z + 27*z = 3*g - 128811, -5*g = -z - 214631. What are the prime factors of g?
2, 2683
Suppose f + 8 = 4*l - 25, 0 = 2*l + 2*f - 4. Suppose -l*n + 4*n = -9. Suppose 0 = -5*v + 2*b + 1252, 2*v + n*b - 4*b - 500 = 0. List the prime factors of v.
2, 3, 7
Let m = 1555 - -22247. List the prime factors of m.
2, 3, 3967
Suppose -2*o + 22 = -3*i + 5*i, 5*o = -2*i + 16. Let p(g) = -2 + 0*g**2 + 0 - 34*g + i*g**2 - 31*g**3 + 32*g**3. List the prime factors of p(-15).
2, 29
Suppose 147*z = 157*z. Let n(w) = 11*w + 161. List the prime factors of n(z).
7, 23
Let o = 8 + 37. Let v = o - 40. Suppose 74 - 624 = -v*k. List the prime factors of k.
2, 5, 11
Let a(f) = 5*f**2 - 110*f - 280. What are the prime factors of a(-22)?
2, 3, 5, 19
Let x(t) = -t**3 - 2*t**2 + 12*t + 9. Let v be x(-5). Let i be ((-39)/12)/(2/(-80)). What are the prime factors of (v/10)/(4/i)?
2, 3, 13
Let f be (-154)/(-21)*(-9)/(-6). Suppose 552 = f*o - 5*o. Suppose 0 = 4*q + 4*n - n - 68, 0 = 5*q + 2*n - o. List the prime factors of q.
2, 5
Suppose -2*n = 5*h - 25, n + 2 = h - 3. Suppose -4*j + 2*b + 368 = n, -2*b - 6 = 2. Suppose -q + j + 27 = 0. What are the prime factors of q?
3, 13
Let n(f) = -3*f**3 - 11*f**2 + 6*f - 7. Suppose -4*c + 160 = -4*j, -j = -3*c + 4*c - 30. Let a = c - 40. List the prime factors of n(a).
3, 7
Suppose -3*q + z + 5154 = 0, -q = 3*z - 5*z - 1723. List the prime factors of q.
17, 101
Let c(h) = 21*h**2 - 16*h - 325. List the prime factors of c(21).
2, 5, 43
Suppose 2*r = -10*r + 228. Let b(j) = 3*j - j**2 - j**3 + 10*j + 15*j + 19*j**2 + 45. What are the prime factors of b(r)?
2, 3
Let c = 8 - 8. Suppose -4*l - 5*s + 5 = c, l = -0*s - s. List the prime factors of 47 + (0 - (-5)/l).
2, 23
Let t = -19740 - -33606. List the prime factors of t.
2, 3, 2311
Suppose 45498 = 2*f + 2*n, -4*f + 8*n = 6*n - 90972. What are the prime factors of f?
5, 4549
Let x = -51 - -55. Suppose 0 = 5*u - n + 6*n - 265, x*u + 5*n = 215. List the prime factors of u.
2, 5
Let h be 1656/180*(-80)/(-2). Let m = 720 - h. List the prime factors of m.
2, 11
Suppose 85 = 4*r - 5*y, 1 = 2*y + 3. Let i = r - 20. List the prime factors of (-355)/(-10)*(i - -2).
71
What are the prime factors of (-2)/14 + ((-16)/18 - (-141657705)/3969)?
2, 5, 43, 83
Let t(y) = -2*y - 14. Let c = -71 - -64. Let k be t(c). Suppose k = -i + 6*i + 2*n - 597, 5*i = -5*n + 585. What are the prime factors of i?
11
Suppose -9*c + 198 = -0*c. Let u = -19 + c. Suppose y = -2*s + 21, 17 - u = s + 4*y. List the prime factors of s.
2, 5
Let h(f) = f**3 + 19*f**2 - 17. Let k be h(-8). Suppose -2*z + k = z. List the prime factors of z.
229
Let z = 16 + -14. Suppose 20 = 31*u - 35*u, z*v - 353 = 3*u. List the prime factors of v.
13
Let t = 289 - 285. Suppose g + 1896 = t*l, 19*g - 16*g = 12. What are the prime factors of l?
5, 19
Let i(h) = -h**3 + 15*h**2 - 6*h + 12. Suppose 5*t - 15*t = -120. What are the prime factors of i(t)?
2, 3, 31
Suppose -13*k + 223534 = -81329. List the prime factors of k.
3, 7817
Let x = -40 - -83. Suppose -2*t = -x - 105. List the prime factors of t - (0 + 10/(-5)).
2, 19
Suppose 5*j = 3*a + 66799, -j + 2*a + 5977 + 7387 = 0. What are the prime factors of j?
2, 6679
Let f = 12786 + -8280. What are the prime factors of f?
2, 3, 751
Suppose 10*k + 3*k - 26 = 0. List the prime factors of (2/5 - (-1502)/20)*k.
151
Let v = -8 + 3. Let a(u) = -18*u**2 + 6 - 24*u**2 + 5*u + 46*u**2. List the prime factors of a(v).
3
Let l(b) = 4*b**3 - 45*b**2 + 91*b + 199. What are the prime factors of l(28)?
3, 5, 11, 67
Suppose -12*b + b = -374. Suppose 2*q + b = 890. What are the prime factors of q?
2, 107
Suppose 79*r - 69*r = 43060. List the prime factors of r.
2, 2153
Suppose g = 7 - 60. Let l = -39 - g. Suppose -2*x + 40 = -l. List the prime factors of x.
3
Let l(t) be the second derivative of 0 + 7*t - 1/2*t**3 + t**2. What are the prime factors of l(-7)?
23
Suppose 0 = -3*i + 3, -162933 = -3*s + 5*i - 2*i. What are the prime factors of s?
2, 3, 31, 73
Suppose 52*q - 333018 = -16858. What are the prime factors of q?
2, 5, 19
Suppose 5*u - 1244 - 15425 = -d, 2*d - 2*u = 33338. What are the prime factors of d?
79, 211
Suppose 8*i + 203232 = 75*i + 20*i. What are the prime factors of i?
2, 73
Let r be (-2)/4 + 4497/6. Suppose -r = 11*d - 133. Let i = d - -228. What are the prime factors of i?
2, 43
Let q(f) = 4*f**2 + 15. Let k(b) = b**2 + b - 1. Let j(u) = -k(u) - q(u). Let n be j(-5). Let m = -94 - n. What are the prime factors of m?
2, 5
Let v(f) = f - 10. Let c be v(8). Let j be 8/(-10)*(15/(-5) + c). Suppose 0 = -j*b - 254 + 766. What are the prime factors of b?
2
Let r(j) = 2*j**2 - 5*j - 2. Let t be r(3). Let d be (-1 - t)*(-2)/2. Suppose 0 = 2*f + d*f - 104. What are the prime factors of f?
2, 13
What are the prime factors of (824238/(-261))/((-321)/105 - -3)?
5, 7, 1579
Let t = 48046 + -15556. What are the prime factors of t?
2, 3, 5, 19
Suppose 5*z - 9*z = 0, f - 5*f + z + 21580 = 0. What are the prime factors of f?
5, 13, 83
Let v(c) = -10*c + 15. Let o be v(-15). Let i = o + 33. List the prime factors of i.
2, 3, 11
Suppose -69122 = -5*m - 2*c, -8*m + 55318 = -4*m + 5*c. What are the prime factors of m?
2, 6911
Let r(z) = 121*z**2 - 23*z - 63. Let t be r(-3). Let a(g) = -g**2 - 9*g - 7. Let y be a(-6). Suppose -335 = -y*s + t. List the prime factors of s.
2, 5, 13
Let w(c) = 66*c - 66. Let z be w(4). Let u be 5 - (0/(-2))/2. Suppose -577 = -u*r + z. List the prime factors of r.
5, 31
Let q(v) = -652*v + 2927. List the prime factors of q(-11).
10099
Let r be (-7 + (-7592)/(-24))*(-21)/(-4). Suppose -2516 = -12*c + r. List the prime factors of c.
3, 5, 23
Suppose -2*z + 3*z - 2*v = 32, z - 4*v - 36 = 0. Suppose 0 = z*d - 53*d + 45050. List the prime factors of d.
2, 17, 53
Suppose 4*l + 3*h = 109 + 746, -4*l + 3*h + 849 = 0. Suppose -2*i + 67 + 137 = 0. Let s = l - i. List the prime factors of s.
3, 37
Let m = -53 - -56. Suppose u + 4*l + 15 = 0, -u - 5 = u + m*l. Suppose 0 = w + 1, -4*f = f + u*w - 665. What are the prime factors of f?
2, 67
Suppose 0 = -5*b - 0*b + w + 335, -2*b + 2*w + 126 = 0. Let a(i) = 19*i - 10. Let u be a(7). Let g = u - b. What are the prime factors of g?
5, 11
Suppose -15*d - 431 = 49. List the prime factors of (d - -34)/(2/311).
311
Let v = -1555 - -4322. List the prime factors of v.
2767
Suppose -673*n = -587*n - 1782522. What are the prime factors of n?
3, 7, 47
Suppose -2*t + 4*t = 4*q - 17728, -17728 = -4*q + 5*t. Suppose -6*n = -q + 730. List the prime factors of n.
617
Let p(d) = 6*d + 20 + 9*d + 21*d. List the prime factors of p(7).
2, 17
Suppose 4*a + 20 = 0, 4*c - 28916 = 2*a + 15586. What are the prime factors of c?
7, 227
Let t be ((-512)/5 - -2) + (-4)/(-10). Let d = t - -239. List the prime factors of d + ((-3)/18 - (-22)/(-12)).
137
Suppose 0 = 4*o - 3*c + 92 + 116, 0 = -2*c. List the prime factors of 678*3*(-26)/o.
3, 113
Let y(k) = -19*k - 11*k - 10 + 13*k. Let p be y(3). Let r = p - -112. What are the prime factors of r?
3, 17
Let m be (14/10 - 12/30)*0. Suppose -2*h - 2*h - 56 = m. Let q = h + 48. List the prime factors of q.
2, 17
Suppose -37 - 5 = 7*k. Let n be ((-4)/k)/(-1) + 9390/45. Let c = n + -114. List the prime factors of c.
2, 47
What are the prime factors of (20 - 17)*(77371/3 - (4 - 2))?
5, 15473
Let i = 83 - 75. Suppose -2*a - i = -12. Suppose 5*p + 155 = x + 3*p, a*p = -3*x + 449. List the prime factors of x.
151
Suppose 2 = -2*u + 18. Suppose -u*f + 181 = -227. Suppose 0 = -i + 5*p + 24 + 41, i = -2*p + f. What are the prime factors of i?
5, 11
Suppose -174231 - 234331 - 53218 = -20*o. List the prime factors of o.
11, 2099
What are the prime factors of 4 + 43535 - (-48)/(14 + -10)?
3, 1613
Let z(m) = 314*m + 5243. What are the prime factors of z(23)?
3, 5, 277
Suppose -3*h + n = -1, -5*h + 5*n - 2*n = 5. Suppose 5*v - 18 = -h*w + 141, -2*w + 2*v + 194 = 0. Suppose -14*i + 10*i = -w. List the prime factors of i.
23
Let p(i) = 21*i**2 + 4*i + 1992. What are the 